52?
True
Does 643 divide 9563556?
False
Is 376872 a multiple of 41?
True
Does 37 divide 7953903?
False
Is 11 a factor of 1122884?
False
Does 18 divide 429820?
False
Is 129 a factor of 3141316?
False
Is 49 a factor of 510859?
False
Does 434 divide 1393?
False
Does 49 divide 202215?
False
Is 12 a factor of 6563?
False
Is 38 a factor of 61076?
False
Is 4176060 a multiple of 175?
False
Does 6 divide 52464?
True
Is 29091 a multiple of 3?
True
Does 13 divide 2479565?
False
Is 32444795 a multiple of 1161?
False
Does 524 divide 227382?
False
Is 2732353 a multiple of 101?
True
Is 6806577 a multiple of 9?
False
Is 267 a factor of 2669330?
False
Is 333 a factor of 13083570?
True
Is 6359097 a multiple of 355?
False
Is 186520 a multiple of 27?
False
Is 110 a factor of 469238?
False
Does 28 divide 35851004?
True
Is 165942 a multiple of 23?
False
Does 24 divide 9850334?
False
Is 3639512 a multiple of 281?
True
Does 25 divide 689241?
False
Does 166 divide 801358?
False
Is 164832 a multiple of 204?
True
Is 263124 a multiple of 12?
True
Is 10327537 a multiple of 11?
True
Is 256020 a multiple of 30?
True
Is 340949 a multiple of 53?
True
Is 587051 a multiple of 1657?
False
Does 68 divide 3084967?
False
Does 78 divide 166452?
True
Is 333 a factor of 5441220?
True
Does 30 divide 493375?
False
Is 1023329 a multiple of 30?
False
Is 65 a factor of 1217775?
True
Does 97 divide 130174?
True
Is 56 a factor of 15528520?
True
Does 3 divide 376340?
False
Does 229 divide 5960183?
True
Is 1176297 a multiple of 103?
False
Does 696 divide 6408374?
False
Is 52080 a multiple of 280?
True
Does 11 divide 224114?
True
Does 31 divide 943111?
False
Is 857920 a multiple of 320?
True
Is 14043251 a multiple of 7?
False
Is 12 a factor of 1152084?
True
Is 18 a factor of 6834670?
False
Is 154 a factor of 224224?
True
Is 16 a factor of 1879696?
True
Is 806 a factor of 10764578?
False
Is 885 a factor of 18503519?
False
Is 379921 a multiple of 31?
False
Is 96 a factor of 260064?
True
Is 531 a factor of 5309821?
False
Is 38 a factor of 103428?
False
Is 23 a factor of 2802573?
True
Is 19 a factor of 2071?
True
Does 5 divide 4690719?
False
Is 43566 a multiple of 106?
True
Is 665392 a multiple of 7?
True
Does 87 divide 317985?
True
Is 1232118 a multiple of 62?
False
Is 1010 a factor of 2438756?
False
Does 75 divide 3406?
False
Does 7 divide 2852031?
True
Is 10 a factor of 1459416?
False
Does 62 divide 153955?
False
Is 11 a factor of 7171769?
True
Is 30 a factor of 1486188?
False
Is 322570 a multiple of 19?
False
Is 36 a factor of 8067456?
True
Is 113 a factor of 22261?
True
Is 22 a factor of 3702557?
False
Is 820 a factor of 1078300?
True
Does 30 divide 1691242?
False
Is 135 a factor of 15475190?
False
Is 3381201 a multiple of 150?
False
Is 112465 a multiple of 118?
False
Does 98 divide 1386281?
False
Does 152 divide 4238064?
True
Is 1978542 a multiple of 254?
False
Is 4 a factor of 17528?
True
Is 106 a factor of 6897314?
True
Is 95240 a multiple of 10?
True
Is 317289 a multiple of 29?
True
Is 2 a factor of 2058?
True
Does 13 divide 121615?
True
Is 3590183 a multiple of 493?
False
Is 7617747 a multiple of 462?
False
Does 1176 divide 2690688?
True
Is 10663132 a multiple of 6?
False
Does 45 divide 331470?
True
Is 19345896 a multiple of 133?
False
Is 38 a factor of 4373024?
False
Is 523018 a multiple of 26?
False
Is 6401592 a multiple of 8?
True
Is 2 a factor of 752500?
True
Is 120 a factor of 801480?
True
Is 1117921 a multiple of 1472?
False
Is 1417222 a multiple of 17?
True
Is 2025984 a multiple of 384?
True
Does 668 divide 1310246?
False
Does 456 divide 71136?
True
Is 958 a multiple of 7?
False
Is 3 a factor of 519473?
False
Is 16 a factor of 229552?
True
Does 202 divide 1571560?
True
Is 80 a factor of 2626160?
True
Is 49 a factor of 1028853?
True
Is 4990192 a multiple of 16?
True
Is 17 a factor of 3871342?
True
Is 91660 a multiple of 320?
False
Does 17 divide 21950?
False
Does 12 divide 305352?
True
Is 1364760 a multiple of 446?
True
Does 81 divide 77297?
False
Does 7 divide 42049?
True
Is 19039422 a multiple of 146?
True
Is 532656 a multiple of 9?
True
Is 958860 a multiple of 420?
True
Is 66600 a multiple of 45?
True
Is 9 a factor of 11853?
True
Is 3488938 a multiple of 90?
False
Is 44658 a multiple of 108?
False
Does 980 divide 9224470?
False
Does 330 divide 35640?
True
Does 9 divide 35319?
False
Is 11 a factor of 728095?
False
Is 3981952 a multiple of 8?
True
Is 43 a factor of 154313?
False
Does 6 divide 46206?
True
Is 1532638 a multiple of 85?
False
Is 1554036 a multiple of 132?
True
Does 2 divide 37388?
True
Is 1635597 a multiple of 9?
True
Is 13 a factor of 358761?
True
Is 3514 a multiple of 8?
False
Does 338 divide 1124188?
True
Is 180580 a multiple of 4?
True
Is 64 a factor of 1636352?
True
Is 98070 a multiple of 35?
True
Does 27 divide 1435536?
True
Does 528 divide 1422715?
False
Does 54 divide 270756?
True
Does 7 divide 346850?
True
Is 135520 a multiple of 44?
True
Is 152168 a multiple of 23?
True
Does 88 divide 2640?
True
Is 298793 a multiple of 71?
False
Does 180 divide 270282?
False
Is 2223967 a multiple of 286?
False
Does 1061 divide 1422801?
True
Does 49 divide 13737487?
False
Does 470 divide 2994370?
True
Does 2 divide 66812?
True
Does 57 divide 13888278?
True
Is 531443 a multiple of 434?
False
Is 173601 a multiple of 53?
False
Does 22 divide 299772?
True
Is 14151594 a multiple of 29?
True
Is 70 a factor of 705040?
True
Does 7 divide 36512?
True
Is 1383 a factor of 2019180?
True
Is 21 a factor of 499373?
False
Is 383706 a multiple of 17?
False
Is 229510 a multiple of 30?
False
Does 424 divide 138648?
True
Does 22 divide 7244754?
True
Is 15 a factor of 13193115?
True
Is 265 a factor of 58300?
True
Is 194 a factor of 7565030?
True
Does 166 divide 24335?
False
Does 10 divide 24679?
False
Does 144 divide 39888?
True
Is 11418700 a multiple of 307?
False
Is 126 a factor of 27194?
False
Is 771040 a multiple of 10?
True
Does 9 divide 2841948?
True
Is 80 a factor of 29875144?
False
Does 2 divide 2063750?
True
Does 27 divide 190659?
False
Does 23 divide 44413?
True
Is 123708 a multiple of 12?
True
Does 7 divide 2153820?
False
Is 51 a factor of 312375?
True
Is 52 a factor of 393224?
True
Is 23785904 a multiple of 592?
False
Is 15 a factor of 1302903?
False
Is 771 a factor of 446239?
False
Is 13140288 a multiple of 215?
False
Does 84 divide 240828?
True
Does 63 divide 556227?
True
Is 953904 a multiple of 204?
True
Is 4401870 a multiple of 66?
True
Is 206700 a multiple of 300?
True
Does 279 divide 2051208?
True
Is 15857188 a multiple of 115?
False
Does 138 divide 279458?
False
Is 167328 a multiple of 28?
True
Does 214 divide 282028?
False
Is 10495 a multiple of 53?
False
Is 9087975 a multiple of 13?
True
Is 9427284 a multiple of 532?
False
Does 22 divide 5816602?
True
Is 101136 a multiple of 172?
True
Is 41454 a multiple of 94?
True
Is 5183059 a multiple of 10?
False
Is 2224521 a multiple of 16?
False
Is 4835572 a multiple of 14?
True
Is 155083 a multiple of 17?
False
Is 3744960 a multiple of 120?
True
Does 2 divide 15009?
False
Is 545 a factor of 1367950?
True
Does 18 divide 1144132?
False
Does 14 divide 43282?
False
Is 51 a factor of 1964826?
True
Does 9 divide 137529?
True
Is 18 a factor of 61524?
True
Is 165880 a multiple of 13?
True
Does 3 divide 729703?
False
Is 40 a factor of 333679?
False
Does 15 divide 173550?
True
Does 356 divide 1328948?
True
Does 198 divide 1320858?
True
Is 957796 a multiple of 53?
False
Is 244636 a multiple of 8?
False
Does 2 divide 37644?
True
Does 64 divide 24483727?
False
Does 14 divide 1092972?
False
Is 185766 a multiple of 42?
True
Is 31 a factor of 1267094?
True
Is 97 a factor of 1749946?
False
Does 324 divide 438653?
False
Does 248 divide 6782304?
True
Does 27 divide 817697?
False
Is 9 a factor of 12088269?
True
Does 362 divide 309433?
False
Is 16 a factor of 42304?
True
Does 1995 divide 6322155?
True
Does 13 divide 189930?
True
Is 18 a factor of 103275?
False
Does 5 divide 2263740?
True
Does 13 divide 3006?
False
Is 414 a factor of 448136?
False
Does 11 divide 277434?
False
Is 60720 a multiple of 10?
True
Does 657 divide 294993?
True
Does 507 divide 4541785?
False
Is 672758 a multiple of 8?
False
Is 42 a factor of 216286?
False
Is 193644 a multiple of